{"id":742,"date":"2025-12-13T10:38:14","date_gmt":"2025-12-13T09:38:14","guid":{"rendered":"https:\/\/ferrara.foxcom.dev\/fest\/?post_type=projekte&#038;p=742"},"modified":"2026-02-06T08:45:01","modified_gmt":"2026-02-06T07:45:01","slug":"742","status":"publish","type":"projekte","link":"https:\/\/ferrara.foxcom.dev\/fest\/projekte\/742\/","title":{"rendered":"Neubau 1 Terrassen-Mehrfamilienhaus am Bruderholzrain 28, 4102 Binningen"},"template":"","meta":{"_acf_changed":false,"inline_featured_image":false,"_links_to":"","_links_to_target":""},"epochen":[66],"pstatus":[3],"typen":[43,34,30,5],"class_list":["post-742","projekte","type-projekte","status-publish","hentry","epochen-66","pstatus-fertiggestellt","typen-terrassenhaus","typen-neubau-mehrfamilienhaus","typen-wohnen","typen-neubau"],"acf":{"project-ov-img":578,"project-images":[584,572,580,576],"project-desc":"<strong>Neubau 1 Terrassen-Mehrfamilienhaus mit 4 hochwertigen Eigentumswohnungen und Blick \u00fcber Binningen<\/strong>\r\n\r\nDer Neubau am Bruderholzrain nimmt die besonderen Gegebenheiten des Gel\u00e4ndes und der Bauparzelle auf und zeigt sich als abgeknickter, terrassenf\u00f6rmig abgestufter Bauk\u00f6rper. Dieser f\u00fcgt sich harmonisch in die bestehende Hangsituation ein. Die besondere Lage definiert das Thema der Terrassen und wird als konzeptioneller Gestaltungsansatz aufgegriffen und weitergef\u00fchrt. Die gesamte Bebauung besteht aus Stufen und Terrassen unterschiedlicher Gr\u00f6sse, Ausformulierung und Nutzung.\r\nDie Erschliessung der vier Eigentumswohnungen erfolgt auf der Nordseite des Geb\u00e4udes \u00fcber eine Aussentreppenanlage und Podeste, die den Eingangst\u00fcren vorgelagert sind. Daran schliesst sich der Hauptbauk\u00f6rper mit seinen grossz\u00fcgigen Wohnterrassen an, s\u00fcdlich davon befinden sich die gegeneinander versetzten Sitzpl\u00e4tze. Strassenseitig schiebt sich eine Garagenbox mit den ben\u00f6tigten Stellpl\u00e4tzen unter den Hauptbauk\u00f6rper.\r\nDie Konstruktion des Geb\u00e4udes besteht aus Backstein und Beton f\u00fcr die tragenden Aussenw\u00e4nde, St\u00fctzen und Decken. Die nicht tragenden Innenw\u00e4nde sind in Trockenbauweise ausgef\u00fchrt. Die Fassade aus dunkelbraunen, im L\u00e4uferverband verlegten Klinkern im Sonderformat 290\/52\/100 mm nimmt ebenfalls das Thema der Schichtung beziehungsweise der Stufen auf. Die Fl\u00e4chen zwischen den Fenstern sind zur optischen Verbindung \u2013 ebenso wie die Verkleidung der Garagenbox \u2013, mit orangefarbigen Blechtafeln versehen. Bei den Jalousien und Terrassenbr\u00fcstungen wird die gleiche Farbigkeit erneut aufgegriffen.\r\nDas Geb\u00e4ude ist in Minergiebauweise mit erh\u00f6htem Ausbaustandard errichtet. Die Materialien und Farben des Innenausbaus wurden zusammen mit den Eigent\u00fcmern der Wohnungen ausgew\u00e4hlt. Dabei wurden hochwertige Platten, K\u00fcchen- und Badeinrichtungen verbaut. Die Farbgebung von W\u00e4nden, Fenstern, Boden- und M\u00f6belmaterialen sowie die Verlegemuster der Platten an Wand und Decke wurden individuell f\u00fcr jede Wohnung entwickelt und aufeinander abgestimmt, was f\u00fcr eine einzigartige Wohnatmosph\u00e4re sorgt.","project-button-items":null,"project-location":"Bruderholzrain 28, 4102 Binningen","project-bauthority":"Ferrara+Streule Kollektivgesellschaft","project-planning":"Ferrara Architekten AG","project-cmanagement":"Ferrara Architekten AG","project-videos-items":null},"_links":{"self":[{"href":"https:\/\/ferrara.foxcom.dev\/fest\/wp-json\/wp\/v2\/projekte\/742","targetHints":{"allow":["GET"]}}],"collection":[{"href":"https:\/\/ferrara.foxcom.dev\/fest\/wp-json\/wp\/v2\/projekte"}],"about":[{"href":"https:\/\/ferrara.foxcom.dev\/fest\/wp-json\/wp\/v2\/types\/projekte"}],"version-history":[{"count":6,"href":"https:\/\/ferrara.foxcom.dev\/fest\/wp-json\/wp\/v2\/projekte\/742\/revisions"}],"predecessor-version":[{"id":1106,"href":"https:\/\/ferrara.foxcom.dev\/fest\/wp-json\/wp\/v2\/projekte\/742\/revisions\/1106"}],"acf:attachment":[{"embeddable":true,"href":"https:\/\/ferrara.foxcom.dev\/fest\/wp-json\/wp\/v2\/media\/576"},{"embeddable":true,"href":"https:\/\/ferrara.foxcom.dev\/fest\/wp-json\/wp\/v2\/media\/580"},{"embeddable":true,"href":"https:\/\/ferrara.foxcom.dev\/fest\/wp-json\/wp\/v2\/media\/572"},{"embeddable":true,"href":"https:\/\/ferrara.foxcom.dev\/fest\/wp-json\/wp\/v2\/media\/584"}],"wp:attachment":[{"href":"https:\/\/ferrara.foxcom.dev\/fest\/wp-json\/wp\/v2\/media?parent=742"}],"wp:term":[{"taxonomy":"epochen","embeddable":true,"href":"https:\/\/ferrara.foxcom.dev\/fest\/wp-json\/wp\/v2\/epochen?post=742"},{"taxonomy":"pstatus","embeddable":true,"href":"https:\/\/ferrara.foxcom.dev\/fest\/wp-json\/wp\/v2\/pstatus?post=742"},{"taxonomy":"typen","embeddable":true,"href":"https:\/\/ferrara.foxcom.dev\/fest\/wp-json\/wp\/v2\/typen?post=742"}],"curies":[{"name":"wp","href":"https:\/\/api.w.org\/{rel}","templated":true}]}}

<strong>Neubau 1 Terrassen-Mehrfamilienhaus mit 4 hochwertigen Eigentumswohnungen und Blick über Binningen</strong>

Der Neubau am Bruderholzrain nimmt die besonderen Gegebenheiten des Geländes und der Bauparzelle auf und zeigt sich als abgeknickter, terrassenförmig abgestufter Baukörper. Dieser fügt sich harmonisch in die bestehende Hangsituation ein. Die besondere Lage definiert das Thema der Terrassen und wird als konzeptioneller Gestaltungsansatz aufgegriffen und weitergeführt. Die gesamte Bebauung besteht aus Stufen und Terrassen unterschiedlicher Grösse, Ausformulierung und Nutzung.
Die Erschliessung der vier Eigentumswohnungen erfolgt auf der Nordseite des Gebäudes über eine Aussentreppenanlage und Podeste, die den Eingangstüren vorgelagert sind. Daran schliesst sich der Hauptbaukörper mit seinen grosszügigen Wohnterrassen an, südlich davon befinden sich die gegeneinander versetzten Sitzplätze. Strassenseitig schiebt sich eine Garagenbox mit den benötigten Stellplätzen unter den Hauptbaukörper.
Die Konstruktion des Gebäudes besteht aus Backstein und Beton für die tragenden Aussenwände, Stützen und Decken. Die nicht tragenden Innenwände sind in Trockenbauweise ausgeführt. Die Fassade aus dunkelbraunen, im Läuferverband verlegten Klinkern im Sonderformat 290/52/100 mm nimmt ebenfalls das Thema der Schichtung beziehungsweise der Stufen auf. Die Flächen zwischen den Fenstern sind zur optischen Verbindung – ebenso wie die Verkleidung der Garagenbox –, mit orangefarbigen Blechtafeln versehen. Bei den Jalousien und Terrassenbrüstungen wird die gleiche Farbigkeit erneut aufgegriffen.
Das Gebäude ist in Minergiebauweise mit erhöhtem Ausbaustandard errichtet. Die Materialien und Farben des Innenausbaus wurden zusammen mit den Eigentümern der Wohnungen ausgewählt. Dabei wurden hochwertige Platten, Küchen- und Badeinrichtungen verbaut. Die Farbgebung von Wänden, Fenstern, Boden- und Möbelmaterialen sowie die Verlegemuster der Platten an Wand und Decke wurden individuell für jede Wohnung entwickelt und aufeinander abgestimmt, was für eine einzigartige Wohnatmosphäre sorgt.
