{"id":1053,"date":"2026-01-29T10:34:02","date_gmt":"2026-01-29T09:34:02","guid":{"rendered":"https:\/\/ferrara.foxcom.dev\/fest\/?post_type=projekte&#038;p=1053"},"modified":"2026-02-06T07:52:32","modified_gmt":"2026-02-06T06:52:32","slug":"neubau-wohn-und-geschftshaus-mit-autoeinstellhalle-in-der-gueterstrasse-84-4053-basel","status":"publish","type":"projekte","link":"https:\/\/ferrara.foxcom.dev\/fest\/projekte\/neubau-wohn-und-geschftshaus-mit-autoeinstellhalle-in-der-gueterstrasse-84-4053-basel\/","title":{"rendered":"Neubau 1 Wohn- und Gesch\u00e4ftshaus in der G\u00fcterstrasse 84, 4053 Basel"},"template":"","meta":{"_acf_changed":false,"inline_featured_image":false,"_links_to":"","_links_to_target":""},"epochen":[83],"pstatus":[3],"typen":[],"class_list":["post-1053","projekte","type-projekte","status-publish","hentry","epochen-83","pstatus-fertiggestellt"],"acf":{"project-ov-img":1035,"project-images":[1049,1045,1039,1037],"project-desc":"<strong>Neubau eines Wohn- und B\u00fcrogeb\u00e4udes mit 8 Mietwohnungen und einem B\u00fcro<\/strong>\r\n\r\nDas im Februar 2015 fertiggestellte Wohn- und Gesch\u00e4ftshaus in Basel befindet sich an der urbanen G\u00fcterstrasse im oberen Teil des Gundeldinger Quartiers. Durch die Lage direkt an einer Tramlinie und in unmittelbarer N\u00e4he zum Bahnhof SBB und dem Margarethenpark sind s\u00e4mtliche Einkaufs-, Gastronomie- und Freizeitm\u00f6glichkeiten des neuen G\u00fcterboulevard in k\u00fcrzester Zeit fussl\u00e4ufig erreichbar.\r\nDer Neubau beherbergt B\u00fcro- und Gewerbenutzungen in den ersten zwei, sowie acht Wohneinheiten in den oberen vier Geschossen. Im Untergeschoss befindet sich eine Autoeinstellhalle. Zus\u00e4tzlich wird das Erdgeschoss im Innenhof durch einen eingeschossigen Anbau erweitert. Das Geb\u00e4ude vervollst\u00e4ndigt somit die, f\u00fcr das Quartier typische Blockrandbebauung. Im Inneren entstand eine gefasste Hofsituation mit einem gestalteten Gr\u00fcnbereich.\r\nDie Fassade ist horizontal durch dunkel gef\u00e4rbte Fertigbeton-Elemente gegliedert. Die nach innen versetzten grossfl\u00e4chigen, raumhohen Fenster bilden in zweiter Ebene eine vertikale Einteilung. Eine weitere Gliederung erf\u00e4hrt die Fassade durch die gl\u00e4sernen Absturzsicherungen vor den \u00d6ffnungsfl\u00fcgeln der Hebe-Schiebe-Fenster. An der S\u00fcdfassade im Innenhof sind zus\u00e4tzlich grossz\u00fcgige freitragende Balkone angeordnet.\r\nDer Geb\u00e4udezugang befindet sich strassenseitig neben der Durchfahrt zum Innenhof und ist regengesch\u00fctzt in die Fassade eingeschoben. Von dort gelangt man entweder mit der Treppe oder dem Lift in die einzelnen Geschosse. Die Autoeinstellhalle ist von der G\u00fcterstrasse aus erschlossen und \u00fcber einen unterirdischen Zugang mit dem Treppenhaus verbunden. S\u00e4mtliche Zug\u00e4nge sind hindernisfrei und rollstuhlg\u00e4ngig ausgef\u00fchrt.\r\n\r\n&nbsp;","project-button-items":null,"project-location":"G\u00fcterstrasse 84, 4053 Basel","project-bauthority":"UCC Immobilien AG, Totalunternehmung: Ferrara+Streule Kollektivgesellschaft","project-planning":"Ferrara Architekten AG","project-cmanagement":"Ferrara Architekten AG","project-videos-items":null},"_links":{"self":[{"href":"https:\/\/ferrara.foxcom.dev\/fest\/wp-json\/wp\/v2\/projekte\/1053","targetHints":{"allow":["GET"]}}],"collection":[{"href":"https:\/\/ferrara.foxcom.dev\/fest\/wp-json\/wp\/v2\/projekte"}],"about":[{"href":"https:\/\/ferrara.foxcom.dev\/fest\/wp-json\/wp\/v2\/types\/projekte"}],"version-history":[{"count":3,"href":"https:\/\/ferrara.foxcom.dev\/fest\/wp-json\/wp\/v2\/projekte\/1053\/revisions"}],"predecessor-version":[{"id":1079,"href":"https:\/\/ferrara.foxcom.dev\/fest\/wp-json\/wp\/v2\/projekte\/1053\/revisions\/1079"}],"acf:attachment":[{"embeddable":true,"href":"https:\/\/ferrara.foxcom.dev\/fest\/wp-json\/wp\/v2\/media\/1037"},{"embeddable":true,"href":"https:\/\/ferrara.foxcom.dev\/fest\/wp-json\/wp\/v2\/media\/1039"},{"embeddable":true,"href":"https:\/\/ferrara.foxcom.dev\/fest\/wp-json\/wp\/v2\/media\/1045"},{"embeddable":true,"href":"https:\/\/ferrara.foxcom.dev\/fest\/wp-json\/wp\/v2\/media\/1049"}],"wp:attachment":[{"href":"https:\/\/ferrara.foxcom.dev\/fest\/wp-json\/wp\/v2\/media?parent=1053"}],"wp:term":[{"taxonomy":"epochen","embeddable":true,"href":"https:\/\/ferrara.foxcom.dev\/fest\/wp-json\/wp\/v2\/epochen?post=1053"},{"taxonomy":"pstatus","embeddable":true,"href":"https:\/\/ferrara.foxcom.dev\/fest\/wp-json\/wp\/v2\/pstatus?post=1053"},{"taxonomy":"typen","embeddable":true,"href":"https:\/\/ferrara.foxcom.dev\/fest\/wp-json\/wp\/v2\/typen?post=1053"}],"curies":[{"name":"wp","href":"https:\/\/api.w.org\/{rel}","templated":true}]}}

Neubau 1 Wohn- und Geschäftshaus in der Güterstrasse 84, 4053 Basel

<strong>Neubau eines Wohn- und Bürogebäudes mit 8 Mietwohnungen und einem Büro</strong>

Das im Februar 2015 fertiggestellte Wohn- und Geschäftshaus in Basel befindet sich an der urbanen Güterstrasse im oberen Teil des Gundeldinger Quartiers. Durch die Lage direkt an einer Tramlinie und in unmittelbarer Nähe zum Bahnhof SBB und dem Margarethenpark sind sämtliche Einkaufs-, Gastronomie- und Freizeitmöglichkeiten des neuen Güterboulevard in kürzester Zeit fussläufig erreichbar.
Der Neubau beherbergt Büro- und Gewerbenutzungen in den ersten zwei, sowie acht Wohneinheiten in den oberen vier Geschossen. Im Untergeschoss befindet sich eine Autoeinstellhalle. Zusätzlich wird das Erdgeschoss im Innenhof durch einen eingeschossigen Anbau erweitert. Das Gebäude vervollständigt somit die, für das Quartier typische Blockrandbebauung. Im Inneren entstand eine gefasste Hofsituation mit einem gestalteten Grünbereich.
Die Fassade ist horizontal durch dunkel gefärbte Fertigbeton-Elemente gegliedert. Die nach innen versetzten grossflächigen, raumhohen Fenster bilden in zweiter Ebene eine vertikale Einteilung. Eine weitere Gliederung erfährt die Fassade durch die gläsernen Absturzsicherungen vor den Öffnungsflügeln der Hebe-Schiebe-Fenster. An der Südfassade im Innenhof sind zusätzlich grosszügige freitragende Balkone angeordnet.
Der Gebäudezugang befindet sich strassenseitig neben der Durchfahrt zum Innenhof und ist regengeschützt in die Fassade eingeschoben. Von dort gelangt man entweder mit der Treppe oder dem Lift in die einzelnen Geschosse. Die Autoeinstellhalle ist von der Güterstrasse aus erschlossen und über einen unterirdischen Zugang mit dem Treppenhaus verbunden. Sämtliche Zugänge sind hindernisfrei und rollstuhlgängig ausgeführt.

&nbsp;

Güterstrasse 84, 4053 Basel
